{"id":8,"date":"2020-01-26T12:35:25","date_gmt":"2020-01-26T12:35:25","guid":{"rendered":"http:\/\/test.charmeundstil.de\/?page_id=8"},"modified":"2025-03-15T13:57:08","modified_gmt":"2025-03-15T13:57:08","slug":"beispiele","status":"publish","type":"page","link":"https:\/\/www.charmeundstil.de\/?page_id=8","title":{"rendered":"Beispiele"},"content":{"rendered":"\n<p class=\"has-text-align-center\">Zuletzt ver\u00f6ffentlichte Exemplare<\/p>\n\n\n\n<div style=\"height:100px\" aria-hidden=\"true\" class=\"wp-block-spacer\"><\/div>\n\n\n\n<div class=\"wp-block-columns\">\n<div class=\"wp-block-column\" style=\"flex-basis:100%\">\n<div class=\"wp-container-1 wp-block-group\"><div class=\"wp-block-group__inner-container\"><ul class=\"wp-block-latest-posts__list is-grid columns-3 has-dates wp-block-latest-posts\"><li><a href=\"https:\/\/www.charmeundstil.de\/?p=302\">Hummeln im Paradies<\/a><time datetime=\"2023-01-05T11:41:02+00:00\" class=\"wp-block-latest-posts__post-date\">5. Januar 2023<\/time><\/li>\n<li><a href=\"https:\/\/www.charmeundstil.de\/?p=276\">Heimlichkeiten<\/a><time datetime=\"2021-12-21T18:18:49+00:00\" class=\"wp-block-latest-posts__post-date\">21. Dezember 2021<\/time><\/li>\n<li><a href=\"https:\/\/www.charmeundstil.de\/?p=270\">&#8230; \u00fcber die Natur<\/a><time datetime=\"2021-10-21T12:20:42+00:00\" class=\"wp-block-latest-posts__post-date\">21. Oktober 2021<\/time><\/li>\n<li><a href=\"https:\/\/www.charmeundstil.de\/?p=266\">Weggeblasen<\/a><time datetime=\"2021-10-21T12:11:54+00:00\" class=\"wp-block-latest-posts__post-date\">21. Oktober 2021<\/time><\/li>\n<li><a href=\"https:\/\/www.charmeundstil.de\/?p=263\">Sektionssaal<\/a><time datetime=\"2021-10-21T12:10:08+00:00\" class=\"wp-block-latest-posts__post-date\">21. Oktober 2021<\/time><\/li>\n<li><a href=\"https:\/\/www.charmeundstil.de\/?p=236\">Was Hummeln so im Allgemeinen treiben<\/a><time datetime=\"2021-10-21T11:59:25+00:00\" class=\"wp-block-latest-posts__post-date\">21. Oktober 2021<\/time><\/li>\n<li><a href=\"https:\/\/www.charmeundstil.de\/?p=71\">Wenn Du mich l\u00e4sst\u2026<\/a><time datetime=\"2021-04-11T20:54:11+00:00\" class=\"wp-block-latest-posts__post-date\">11. April 2021<\/time><\/li>\n<li><a href=\"https:\/\/www.charmeundstil.de\/?p=69\">Verzeihen mit dem Herzen<\/a><time datetime=\"2021-04-11T20:50:20+00:00\" class=\"wp-block-latest-posts__post-date\">11. April 2021<\/time><\/li>\n<li><a href=\"https:\/\/www.charmeundstil.de\/?p=66\">Der Marienk\u00e4fer, der den Weg nicht nach Hause fand\u2026<\/a><time datetime=\"2021-04-11T20:46:56+00:00\" class=\"wp-block-latest-posts__post-date\">11. April 2021<\/time><\/li>\n<li><a href=\"https:\/\/www.charmeundstil.de\/?p=51\">Fischlein, Fischlein<\/a><time datetime=\"2021-04-11T20:12:52+00:00\" class=\"wp-block-latest-posts__post-date\">11. April 2021<\/time><\/li>\n<\/ul><\/div><\/div>\n<\/div>\n<\/div>\n\n\n\n<div style=\"height:100px\" aria-hidden=\"true\" class=\"wp-block-spacer\"><\/div>\n\n\n\n<h2>Wenn Du mich l\u00e4sst\u2026<\/h2>\n\n\n\n<div style=\"height:50px\" aria-hidden=\"true\" class=\"wp-block-spacer\"><\/div>\n\n\n\n<p class=\"has-drop-cap has-cyan-bluish-gray-background-color has-text-color has-background\" style=\"color:#9f2051\">Deine Augen voller Tr\u00e4nen, Verzweiflung in Deinem Gesicht,<br>h\u00e4nderingend suchst Du nach Worten und findest sie nicht.<br>So sehe ich Dich noch immer vor mir stehen.<br>Als ich ging, sah ich jedoch nicht Dein Flehen.<br>Langsam heilen die Wunden nur, das Salz Deiner Tr\u00e4nen reizen sie nur,<br>wie ein Baum, der noch tropft, wenn es l\u00e4ngst nicht mehr regnet,<br>ist Deine Seele mir heute Nacht im Traum begegnet.<\/p>\n\n\n\n<p class=\"has-cyan-bluish-gray-background-color has-text-color has-background\" style=\"color:#9f2051\">Balsam f\u00fcr Deine Wunden sollen diese Zeilen sein,<br>seit ich wei\u00df, wie viel ich dazu beigetragen habe zu Deiner Pein.<br>Dich weinen sehen, tat auch mir weh.<br>Aber Du warst Dir sicher, dass ich geh&#8216;.<br>Viele Worte kannst Du nach alle dem von mir nicht ertragen,<br>aber die wenigen lass auf Dich wirken und dann mich alles fragen.<br>Wenn Du mich l\u00e4sst, will ich versuchen, etwas gut zu machen,<br>und aus den Fehlern lernen und dar\u00fcber wachen,<br>dass die einzige Chance, die ich von Dir vielleicht kriege,<br>ich daf\u00fcr nutze, dass die Liebe zu Dir \u00fcber alles siege.<br>Verzeihe, was geschehen ist<br>und \u00f6ffne Dich wieder langsam f\u00fcr mich.<\/p>\n\n\n\n<div style=\"height:100px\" aria-hidden=\"true\" class=\"wp-block-spacer\"><\/div>\n\n\n\n<hr class=\"wp-block-separator is-style-wide\"\/>\n\n\n\n<div style=\"height:100px\" aria-hidden=\"true\" class=\"wp-block-spacer\"><\/div>\n\n\n\n<h2>Verzeihen mit dem Herzen<\/h2>\n\n\n\n<div style=\"height:50px\" aria-hidden=\"true\" class=\"wp-block-spacer\"><\/div>\n\n\n\n<p class=\"has-drop-cap\">Verzeih, das sagt sich so leicht daher,<br>aber mit dem Herzen verzeiht&#8217;s sich&#8217;s oft schwer.<br>Worte brauchen Taten,<br>damit aufgehen die Saaten,<br>die gemeint sind mit dem Verzeihen,<br>damit nicht Gleiches sich aneinanderreihen.<br>Drum meine es ernst, was Du versprichst,<br>dann erscheint es im rechten Licht.<\/p>\n\n\n\n<div style=\"height:100px\" aria-hidden=\"true\" class=\"wp-block-spacer\"><\/div>\n\n\n\n<hr class=\"wp-block-separator is-style-wide\"\/>\n\n\n\n<div style=\"height:100px\" aria-hidden=\"true\" class=\"wp-block-spacer\"><\/div>\n\n\n\n<h2>Der Marienk\u00e4fer, der den Weg nicht nach Hause fand\u2026<\/h2>\n\n\n\n<div style=\"height:50px\" aria-hidden=\"true\" class=\"wp-block-spacer\"><\/div>\n\n\n\n<p class=\"has-white-color has-vivid-purple-background-color has-text-color has-background\">Der kleine Marienk\u00e4fer z\u00e4hlte 5 schwarze Punkte auf seinem roten R\u00fccken. Stolz pr\u00e4sentierte er sich im Sonnenschein, drehte sich hin und her. Die kleinen Tiere im Wald bewunderten ihn. Die Ameisen waren gern in seiner N\u00e4he, weil der kleine Marienk\u00e4fer \u00fcberall dort war, wo es was zu futtern gab. Auch die Hummeln und Bienen, Schmetterlinge und Libellen gesellten sich gerne auf eine Blume in seiner N\u00e4he. Der Marienk\u00e4fer konnte so tolle Geschichten erz\u00e4hlen.<br>Einmal sei er mit den F\u00fc\u00dfen durch eine Pf\u00fctze marschiert, als ein Zapfen von einer Kiefer fiel und direkt neben ihm landete. Beinahe h\u00e4tte sie ihn getroffen, dann w\u00e4re er tot gewesen. Aber so w\u00e4re er beinahe durch die gro\u00dfen Spritzer ertrunken. Er musste nach Luft schnappen, als er aus dem Wasser wieder rauskam. Keuchend und tropfnass kroch er aus der Pf\u00fctze, sch\u00fcttelte sich und legte sich zum Trocknen ins Gras. Er schlief sofort ein und tr\u00e4umte von bunten Seifenblasen, die rechts und links an ihm vorbeizogen und \u00fcber ihm tanzten. Wieder aufgewacht, war aller Schrecken vergessen und das n\u00e4chste Abenteuer konnte er gar nicht schnell genug erwarten.<\/p>\n\n\n\n<p class=\"has-white-color has-vivid-purple-background-color has-text-color has-background\"><br>Ein anderes Mal, so erz\u00e4hlte er, fl\u00f6ge er vergn\u00fcgt durch eine Fr\u00fchlingswiese. Der Tau sa\u00df auf den Grashalmen und lud ein zum Trinken. Jedes Mal, wenn er im Flug einen Grashalm ber\u00fchrte, rollten die Tropfen am Grashalm hinunter und verschwanden in der Erde. Dieses Spiel konnte er endlos treiben. Dabei \u00fcbersah er ein Netz, das eine Spinne zwischen den Gr\u00e4sern gezogen hatte. Er prallte mit seinem Kopf gegen einen dieser F\u00e4den. Ganz benommen blieb er in dem Netz kleben. Da kam auch noch ein Spatz vorbeigeflogen. So mitten in diesem Netz gab er eine perfekte Mahlzeit f\u00fcr den Spatz ab. Deshalb schrie der kleine Marienk\u00e4fer laut um sein Leben. Hilfe, Hilfe, ich komme hier nicht mehr raus! Kann mir jemand helfen? Der Spatz landete auf einem Ast dar\u00fcber und sah sich alles aus der Vogelperspektive an. Er hatte gerade einen Wurm verdr\u00fcckt und hatte nicht wirklich Hunger. Deshalb beschloss er, dem kleinen K\u00e4fer zu helfen und ihn aus seiner misslichen Lage zu befreien. Ganz sacht packte der Spatz mit seinem Schnabel den K\u00e4fer bei seinem Panzer und zog ihn weg vom Netz.<\/p>\n\n\n\n<p class=\"has-white-color has-vivid-purple-background-color has-text-color has-background\"><br>Es machte blubb und beide landeten auf dem Waldboden. Der K\u00e4fer war heilfroh, dies \u00fcberstanden zu haben und bedankte sich bei dem Spatz., dass er ihm das Leben gerettet hat. So war der Marienk\u00e4fer schon zwei Mal aus h\u00f6chster Gefahr gerettet worden.<\/p>\n\n\n\n<p class=\"has-white-color has-vivid-purple-background-color has-text-color has-background\">Heute war er nun im Wald unterwegs, munter und zufrieden. Ein bisschen Abenteuer konnte nicht schaden. Pl\u00f6tzlich schwebte er vor einem gro\u00dfen bunten Rucksack, gerade einladend zum Erkunden, dachte er sich. Den Jungs, den dieser Rucksack geh\u00f6rte, machten sich gerade im Fluss beim Baden zu schaffen. Also konnte die Entdeckungsreise beginnen, am Rei\u00dfverschluss entlang nach oben, dr\u00fcben wieder nach unten und irgendwo war ein kleiner Spalt. Hier war der Eingang in eine Welt, die der kleine K\u00e4fer noch nicht kannte.<\/p>\n\n\n\n<p class=\"has-white-color has-vivid-purple-background-color has-text-color has-background\"><br>Schnell war er durch die kleine \u00d6ffnung gekrabbelt. Dunkelheit umgab ihn. Er h\u00f6rte nichts mehr und sah nichts mehr. Also musste er sich auf seinen Tastsinn verlassen und so sich vorw\u00e4rts bewegen. Es ging weiter und weiter tief ins Dunkel. Alles, was er f\u00fchlte, war hart oder kalt. Das gefiel ihm \u00fcberhaupt nicht. Nach ein paar Versuchen, etwas Essbares zu finden, gab er auf und wollte wieder zur\u00fcck in seine gr\u00fcne nasse Wiese. Aber wohin er auch lief, nirgends schaute ihm Licht entgegen. Er war gefangen in der Dunkelheit. Zu allem \u00dcberfluss kamen auch die Jungs vom Baden zur\u00fcck Aber keiner \u00f6ffnete den Rucksack, im Gegenteil, sie stopften ihre nassen Badesachen einfach hinein. Es gab kein Entrinnen.<\/p>\n\n\n\n<p class=\"has-drop-cap has-white-color has-vivid-purple-background-color has-text-color has-background\"><br>Mit R\u00fctteln und Sch\u00fctteln ging es weiter. Die Jungs fuhren auf ihren Fahrr\u00e4dern nach Hause. Aber zu Hause stellten sie den Rucksack einfach ab und gingen weg. Was nun? Der kleine Marienk\u00e4fer sah nichts, h\u00f6rte nichts und bekam langsam Hunger. Er hatte Angst, musste er jetzt sterben?<br>Als er schon halb ohnm\u00e4chtig auf dem Boden im Rucksack lag, bewegte sich etwas. Jetzt naht Rettung! Licht! Endlich Licht!Die Mutter der beiden Jungs r\u00e4umte den Rucksack aus. Da purzelte der kleine Marienk\u00e4fer mit heraus.<br>Oh, ein kleiner Marienk\u00e4fer, wo kommt der denn her? Vorsichtig hielt sie ihm ihre Hand entgegen. Das nutzte der kleine K\u00e4fer und krabbelte auf die gro\u00dfe Hand. Die Mama brachte ihn hinaus in den Garten.<br>Das war knapp, dachte der Marienk\u00e4fer und flog davon, aber wohin, fragte er sich. Wo war sein Wald, sein Zuhause? Hier standen H\u00e4user, wo war sein Wald? Er versuchte es in alle vier Himmelsrichtungen, aber nirgends fand er seinen Wald, seine Wiese. Traurig und ersch\u00f6pft lies er sich auf einen Stein am Stra\u00dfenrand nieder. Das sah ein Schmetterling und flog zu ihm hin und fragte, wie es ihm geht, er sieht so m\u00fcde aus und seine Fl\u00fcgel h\u00e4ngen herab, wie d\u00fcrres Laub.<br>Der Marienk\u00e4fer erz\u00e4hlte ihm seine Geschichte und klagte ihm sein Leid. Er wisse nicht mehr, wo sein Zuhause ist.<br>Der Schmetterling h\u00f6rte sich alles genau an und hatte eine Idee.<br>\u201eKomm mit, ich wei\u00df Rat.\u201c<br>Die kleinen \u00c4uglein des K\u00e4fers fielen schon fast zu, aber was er h\u00f6rte machte ihm Mut.<br>\u201eDa dr\u00fcben ist ein Springbrunnen, bis dahin schaffst Du es bestimmt. ch fliege vor Dir her, dann hast Du keinen Gegenwind.\u201c<br>Es war nicht weit bis zum erfrischenden Wasser. Beide, der Schmetterling und der K\u00e4fer tranken sich satt. Nun sah die Welt schon ganz anders aus.<br>Nun fragte der Schmetterling den K\u00e4fer \u00fcber sein Zuhause aus. \u201eWie sieht es bei Dir aus? Was gibt es f\u00fcr Pflanzen, B\u00e4ume, Wasser\u2026?\u201c<br>Aus vollem Herzen erz\u00e4hlte der K\u00e4fer \u00fcber seine Heimat, den Bach, die Wiese, die am Morgen voller Tau ist und ein gro\u00dfer Fels steht am Waldrand.<br>Da wusste der Schmetterling Bescheid.<br>\u201eIch wei\u00df, wo das ist, flieg mir nach, ich finde Dein Zuhause schon.\u201c<br>Beide flogen davon und mit ein paar Umwegen landete der Schmetterling auf dem Fels.<br>\u201eIst das der Fels?\u201c rief er dem K\u00e4fer zu, der noch im Anflug war.<br>\u201eLass mich erst mal landen und Luft holen, ich kann nicht mehr.\u201c st\u00f6hnte der kleine Marienk\u00e4fer.<br>Dann sa\u00df der kleine K\u00e4fer da und konnte sein Gl\u00fcck nicht fassen. Vor lauter Freude kullerten Tr\u00e4nen \u00fcber seine kleinen \u00c4uglein.<br>\u201eJa, das ist mein Zuhause, der Bach, den kenne ich und von dem gro\u00dfen Baum da dr\u00fcben singt jeden Morgen die Nachtigall ihr Lied.<br>Danke, danke, danke, dass Du mich nachhause gebracht hast, lieber Schmetterling.\u201c<br>Von diesem Tag an waren sie Freunde f\u00fcrs Leben.<br>Fortan flogen sie sehr oft gemeinsam voller Freude durch die Luft.<\/p>\n\n\n\n<div style=\"height:100px\" aria-hidden=\"true\" class=\"wp-block-spacer\"><\/div>\n\n\n\n<hr class=\"wp-block-separator is-style-wide\"\/>\n\n\n\n<div style=\"height:100px\" aria-hidden=\"true\" class=\"wp-block-spacer\"><\/div>\n\n\n\n<h2>Fischlein, Fischlein<\/h2>\n\n\n\n<div style=\"height:50px\" aria-hidden=\"true\" class=\"wp-block-spacer\"><\/div>\n\n\n\n<p>Fischlein, Fischlein auf dem Grund,<br>mach Dein Maul ganz gro\u00df und rund.<br>Den K\u00f6der vor dir brauchst du einfach nur fressen<br>und dann mit dem Angler deine Kr\u00e4fte messen.<br>Bist du dann st\u00e4rker als er,<br>hat der Angler keinen Fisch, keinen K\u00f6der<br>und keinen Haken mehr.<br>Zweite Chance, zweites Gl\u00fcck,<br>Fischlein komm noch mal zur\u00fcck.<br>Neuer K\u00f6der bei\u00df&#8216; einfach zu,<br>dann gibt der Angler endlich Ruh&#8216;.<br>Zieht und zieht, doch im letzten Augenblick,<br>rei\u00dft die Schnur und du hast wieder Gl\u00fcck.<br>Zwei K\u00f6der gefressen, zwei Haken auch,<br>sie finden Ruhe in deinem Bauch.<br>Doch der Angler l\u00e4sst das Angeln nicht<br>und wei\u00df, dass er dich irgendwann erwischt.<br>Dann landest du in seinem Bauch,<br>das ist bei Anglern eben Brauch.<\/p>\n","protected":false},"excerpt":{"rendered":"<p>Zuletzt ver\u00f6ffentlichte Exemplare Wenn Du mich l\u00e4sst\u2026 Deine Augen voller Tr\u00e4nen, Verzweiflung in Deinem Gesicht,h\u00e4nderingend suchst Du nach Worten und findest sie nicht.So sehe ich Dich noch immer vor mir stehen.Als ich ging, sah ich jedoch nicht Dein Flehen.Langsam heilen die Wunden nur, das Salz Deiner Tr\u00e4nen reizen sie nur,wie ein Baum, der noch tropft, wenn es l\u00e4ngst nicht mehr regnet,ist Deine Seele mir heute Nacht im Traum begegnet. Balsam f\u00fcr Deine Wunden sollen diese Zeilen sein,seit ich wei\u00df, wie viel ich dazu beigetragen habe zu Deiner Pein.Dich weinen sehen, tat auch mir weh.Aber Du warst Dir sicher, dass ich geh&#8216;.Viele Worte kannst Du nach alle dem von mir nicht ertragen,aber die wenigen lass auf Dich wirken und dann mich alles fragen.Wenn Du mich l\u00e4sst, will ich versuchen, etwas gut zu machen,und aus den Fehlern lernen und dar\u00fcber wachen,dass die einzige Chance, die ich von Dir vielleicht kriege,ich daf\u00fcr nutze, dass die Liebe zu Dir \u00fcber alles siege.Verzeihe, was geschehen istund \u00f6ffne Dich wieder langsam f\u00fcr mich. Verzeihen mit dem Herzen Verzeih, das sagt sich so leicht daher,aber mit dem Herzen verzeiht&#8217;s sich&#8217;s oft schwer.Worte brauchen Taten,damit aufgehen die Saaten,die gemeint sind mit dem Verzeihen,damit nicht Gleiches sich aneinanderreihen.Drum meine es ernst, was Du versprichst,dann erscheint es im rechten Licht. Der Marienk\u00e4fer, der den Weg nicht nach Hause fand\u2026 Der kleine Marienk\u00e4fer z\u00e4hlte 5 schwarze Punkte auf seinem roten R\u00fccken. Stolz pr\u00e4sentierte er sich im Sonnenschein, drehte sich hin und her. Die kleinen Tiere im Wald bewunderten ihn. Die Ameisen waren gern in seiner N\u00e4he, weil der kleine Marienk\u00e4fer \u00fcberall dort war, wo es was zu futtern gab. Auch die Hummeln und Bienen, Schmetterlinge und Libellen gesellten sich gerne auf eine Blume in seiner N\u00e4he. Der Marienk\u00e4fer konnte so tolle Geschichten erz\u00e4hlen.Einmal sei er mit den F\u00fc\u00dfen durch eine Pf\u00fctze marschiert, als ein Zapfen von einer Kiefer fiel und direkt neben ihm landete. Beinahe h\u00e4tte sie ihn getroffen, dann w\u00e4re er tot gewesen. Aber so w\u00e4re er beinahe durch die gro\u00dfen Spritzer ertrunken. Er musste nach Luft schnappen, als er aus dem Wasser wieder rauskam. Keuchend und tropfnass kroch er aus der Pf\u00fctze, sch\u00fcttelte sich und legte sich zum Trocknen ins Gras. Er schlief sofort ein und tr\u00e4umte von bunten Seifenblasen, die rechts und links an ihm vorbeizogen und \u00fcber ihm tanzten. Wieder aufgewacht, war aller Schrecken vergessen und das n\u00e4chste Abenteuer konnte er gar nicht schnell genug erwarten. Ein anderes Mal, so erz\u00e4hlte er, fl\u00f6ge er vergn\u00fcgt durch eine Fr\u00fchlingswiese. Der Tau sa\u00df auf den Grashalmen und lud ein zum Trinken. Jedes Mal, wenn er im Flug einen Grashalm ber\u00fchrte, rollten die Tropfen am Grashalm hinunter und verschwanden in der Erde. Dieses Spiel konnte er endlos treiben. Dabei \u00fcbersah er ein Netz, das eine Spinne zwischen den Gr\u00e4sern gezogen hatte. Er prallte mit seinem Kopf gegen einen dieser F\u00e4den. Ganz benommen blieb er in dem Netz kleben. Da kam auch noch ein Spatz vorbeigeflogen. So mitten in diesem Netz gab er eine perfekte Mahlzeit f\u00fcr den Spatz ab. Deshalb schrie der kleine Marienk\u00e4fer laut um sein Leben. Hilfe, Hilfe, ich komme hier nicht mehr raus! Kann mir jemand helfen? Der Spatz landete auf einem Ast dar\u00fcber und sah sich alles aus der Vogelperspektive an. Er hatte gerade einen Wurm verdr\u00fcckt und hatte nicht wirklich Hunger. Deshalb beschloss er, dem kleinen K\u00e4fer zu helfen und ihn aus seiner misslichen Lage zu befreien. Ganz sacht packte der Spatz mit seinem Schnabel den K\u00e4fer bei seinem Panzer und zog ihn weg vom Netz. Es machte blubb und beide landeten auf dem Waldboden. Der K\u00e4fer war heilfroh, dies \u00fcberstanden zu haben und bedankte sich bei dem Spatz., dass er ihm das Leben gerettet hat. So war der Marienk\u00e4fer schon zwei Mal aus h\u00f6chster Gefahr gerettet worden. Heute war er nun im Wald unterwegs, munter und zufrieden. Ein bisschen Abenteuer konnte nicht schaden. Pl\u00f6tzlich schwebte er vor einem gro\u00dfen bunten Rucksack, gerade einladend zum Erkunden, dachte er sich. Den Jungs, den dieser Rucksack geh\u00f6rte, machten sich gerade im Fluss beim Baden zu schaffen. Also konnte die Entdeckungsreise beginnen, am Rei\u00dfverschluss entlang nach oben, dr\u00fcben wieder nach unten und irgendwo war ein kleiner Spalt. Hier war der Eingang in eine Welt, die der kleine K\u00e4fer noch nicht kannte. Schnell war er durch die kleine \u00d6ffnung gekrabbelt. Dunkelheit umgab ihn. Er h\u00f6rte nichts mehr und sah nichts mehr. Also musste er sich auf seinen Tastsinn verlassen und so sich vorw\u00e4rts bewegen. Es ging weiter und weiter tief ins Dunkel. Alles, was er f\u00fchlte, war hart oder kalt. Das gefiel ihm \u00fcberhaupt nicht. Nach ein paar Versuchen, etwas Essbares zu finden, gab er auf und wollte wieder zur\u00fcck in seine gr\u00fcne nasse Wiese. Aber wohin er auch lief, nirgends schaute ihm Licht entgegen. Er war gefangen in der Dunkelheit. Zu allem \u00dcberfluss kamen auch die Jungs vom Baden zur\u00fcck Aber keiner \u00f6ffnete den Rucksack, im Gegenteil, sie stopften ihre nassen Badesachen einfach hinein. Es gab kein Entrinnen. Mit R\u00fctteln und Sch\u00fctteln ging es weiter. Die Jungs fuhren auf ihren Fahrr\u00e4dern nach Hause. Aber zu Hause stellten sie den Rucksack einfach ab und gingen weg. Was nun? Der kleine Marienk\u00e4fer sah nichts, h\u00f6rte nichts und bekam langsam Hunger. Er hatte Angst, musste er jetzt sterben?Als er schon halb ohnm\u00e4chtig auf dem Boden im Rucksack lag, bewegte sich etwas. Jetzt naht Rettung! Licht! Endlich Licht!Die Mutter der beiden Jungs r\u00e4umte den Rucksack aus. Da purzelte der kleine Marienk\u00e4fer mit heraus.Oh, ein kleiner Marienk\u00e4fer, wo kommt der denn her? Vorsichtig hielt sie ihm ihre Hand entgegen. Das nutzte der kleine K\u00e4fer und krabbelte auf die gro\u00dfe Hand. Die Mama brachte ihn hinaus in den Garten.Das war knapp, dachte der Marienk\u00e4fer und flog davon, aber wohin, fragte er sich. Wo war sein Wald, sein Zuhause? Hier standen H\u00e4user, wo war sein Wald? Er versuchte es in alle vier Himmelsrichtungen, aber nirgends fand er seinen Wald, seine Wiese. Traurig und ersch\u00f6pft lies er sich auf einen Stein am Stra\u00dfenrand nieder. Das sah ein Schmetterling und flog zu ihm hin und fragte, wie es ihm geht, er sieht so m\u00fcde aus und seine Fl\u00fcgel h\u00e4ngen herab, wie d\u00fcrres Laub.Der Marienk\u00e4fer erz\u00e4hlte ihm seine Geschichte und klagte ihm sein Leid. Er wisse nicht mehr, wo sein Zuhause ist.Der Schmetterling h\u00f6rte sich alles genau an und hatte eine Idee.\u201eKomm mit, ich wei\u00df Rat.\u201cDie kleinen \u00c4uglein des K\u00e4fers fielen schon fast zu, aber was er h\u00f6rte machte ihm Mut.\u201eDa dr\u00fcben ist ein Springbrunnen, bis dahin schaffst Du es bestimmt. ch fliege vor Dir her, dann hast Du keinen Gegenwind.\u201cEs war nicht weit bis zum erfrischenden Wasser. Beide, der Schmetterling und der K\u00e4fer tranken sich satt. Nun sah die Welt schon ganz anders aus.Nun fragte der Schmetterling den K\u00e4fer \u00fcber sein Zuhause aus. \u201eWie sieht es bei Dir aus? Was gibt es f\u00fcr Pflanzen, B\u00e4ume, Wasser\u2026?\u201cAus vollem Herzen erz\u00e4hlte der K\u00e4fer \u00fcber seine Heimat, den Bach, die Wiese, die am Morgen voller Tau ist und ein gro\u00dfer Fels steht am Waldrand.Da wusste der Schmetterling Bescheid.\u201eIch wei\u00df, wo das ist, flieg mir nach, ich finde Dein Zuhause schon.\u201cBeide flogen davon und mit ein paar Umwegen landete der Schmetterling auf dem Fels.\u201eIst das der Fels?\u201c rief er dem K\u00e4fer zu, der noch im Anflug war.\u201eLass mich erst mal landen und Luft holen, ich kann nicht mehr.\u201c st\u00f6hnte der kleine Marienk\u00e4fer.Dann sa\u00df der kleine K\u00e4fer da und konnte sein Gl\u00fcck nicht fassen. Vor lauter Freude kullerten Tr\u00e4nen \u00fcber seine kleinen \u00c4uglein.\u201eJa, das ist mein Zuhause, der Bach, den kenne ich und von dem gro\u00dfen Baum da dr\u00fcben singt jeden Morgen die Nachtigall ihr Lied.Danke, danke, danke, dass Du mich nachhause gebracht hast, lieber Schmetterling.\u201cVon diesem Tag an waren sie Freunde f\u00fcrs Leben.Fortan flogen sie sehr oft gemeinsam voller Freude durch die Luft. Fischlein, Fischlein Fischlein, Fischlein auf dem Grund,mach Dein Maul ganz gro\u00df und rund.Den K\u00f6der vor dir brauchst du einfach nur fressenund dann mit dem Angler deine Kr\u00e4fte messen.Bist du dann st\u00e4rker als er,hat der Angler keinen Fisch, keinen K\u00f6derund keinen Haken mehr.Zweite Chance, zweites Gl\u00fcck,Fischlein komm noch mal zur\u00fcck.Neuer K\u00f6der bei\u00df&#8216; einfach zu,dann gibt der Angler endlich Ruh&#8216;.Zieht und zieht, doch im letzten Augenblick,rei\u00dft die Schnur und du hast wieder Gl\u00fcck.Zwei K\u00f6der gefressen, zwei Haken auch,sie finden Ruhe in deinem Bauch.Doch der Angler l\u00e4sst das Angeln nichtund wei\u00df, dass er dich irgendwann erwischt.Dann landest du in seinem Bauch,das ist bei Anglern eben Brauch.<\/p>\n","protected":false},"author":1,"featured_media":0,"parent":0,"menu_order":0,"comment_status":"closed","ping_status":"closed","template":"","meta":[],"_links":{"self":[{"href":"https:\/\/www.charmeundstil.de\/index.php?rest_route=\/wp\/v2\/pages\/8"}],"collection":[{"href":"https:\/\/www.charmeundstil.de\/index.php?rest_route=\/wp\/v2\/pages"}],"about":[{"href":"https:\/\/www.charmeundstil.de\/index.php?rest_route=\/wp\/v2\/types\/page"}],"author":[{"embeddable":true,"href":"https:\/\/www.charmeundstil.de\/index.php?rest_route=\/wp\/v2\/users\/1"}],"replies":[{"embeddable":true,"href":"https:\/\/www.charmeundstil.de\/index.php?rest_route=%2Fwp%2Fv2%2Fcomments&post=8"}],"version-history":[{"count":26,"href":"https:\/\/www.charmeundstil.de\/index.php?rest_route=\/wp\/v2\/pages\/8\/revisions"}],"predecessor-version":[{"id":447,"href":"https:\/\/www.charmeundstil.de\/index.php?rest_route=\/wp\/v2\/pages\/8\/revisions\/447"}],"wp:attachment":[{"href":"https:\/\/www.charmeundstil.de\/index.php?rest_route=%2Fwp%2Fv2%2Fmedia&parent=8"}],"curies":[{"name":"wp","href":"https:\/\/api.w.org\/{rel}","templated":true}]}}